{"id":78,"date":"2025-11-05T14:18:18","date_gmt":"2025-11-05T14:18:18","guid":{"rendered":"http:\/\/tazacorte.es\/web\/?page_id=78"},"modified":"2026-02-20T14:14:04","modified_gmt":"2026-02-20T14:14:04","slug":"presentacion-del-alcalde","status":"publish","type":"page","link":"https:\/\/tazacorte.es\/web\/presentacion-del-alcalde","title":{"rendered":"Presentaci\u00f3n del alcalde"},"content":{"rendered":"<p>[et_pb_section fb_built=&#8221;1&#8243; _builder_version=&#8221;4.27.5&#8243; _module_preset=&#8221;default&#8221; custom_margin=&#8221;8%||||false|false&#8221; custom_margin_tablet=&#8221;27%||||false|false&#8221; custom_margin_phone=&#8221;35%||||false|false&#8221; custom_margin_last_edited=&#8221;on|phone&#8221; global_colors_info=&#8221;{}&#8221;][et_pb_row _builder_version=&#8221;4.27.4&#8243; _module_preset=&#8221;default&#8221; max_width=&#8221;1504px&#8221; custom_margin=&#8221;0%||||false|false&#8221; custom_margin_tablet=&#8221;-6%||||false|false&#8221; custom_margin_phone=&#8221;-10%||||false|false&#8221; custom_margin_last_edited=&#8221;on|phone&#8221; global_colors_info=&#8221;{}&#8221;][et_pb_column type=&#8221;4_4&#8243; _builder_version=&#8221;4.27.4&#8243; _module_preset=&#8221;default&#8221; global_colors_info=&#8221;{}&#8221;][et_pb_heading title=&#8221;Presentaci\u00f3n del Alcalde&#8221; _builder_version=&#8221;4.27.5&#8243; _module_preset=&#8221;default&#8221; title_font=&#8221;Garet Heavy||||||||&#8221; title_text_align=&#8221;left&#8221; title_text_color=&#8221;#1f1914&#8243; title_font_size=&#8221;40px&#8221; title_font_size_tablet=&#8221;48px&#8221; title_font_size_phone=&#8221;25px&#8221; title_font_size_last_edited=&#8221;on|tablet&#8221; global_colors_info=&#8221;{}&#8221;][\/et_pb_heading][et_pb_divider color=&#8221;#293417&#8243; divider_weight=&#8221;3px&#8221; _builder_version=&#8221;4.27.5&#8243; _module_preset=&#8221;default&#8221; custom_margin=&#8221;-2%||||false|false&#8221; custom_margin_tablet=&#8221;-2%||||false|false&#8221; custom_margin_phone=&#8221;-6%||||false|false&#8221; custom_margin_last_edited=&#8221;on|phone&#8221; hover_enabled=&#8221;0&#8243; global_colors_info=&#8221;{}&#8221; sticky_enabled=&#8221;0&#8243;][\/et_pb_divider][\/et_pb_column][\/et_pb_row][et_pb_row column_structure=&#8221;1_4,3_4&#8243; _builder_version=&#8221;4.27.4&#8243; _module_preset=&#8221;default&#8221; max_width=&#8221;1504px&#8221; custom_margin_tablet=&#8221;-5%||||false|false&#8221; custom_margin_phone=&#8221;-6%||||false|false&#8221; custom_margin_last_edited=&#8221;on|phone&#8221; global_colors_info=&#8221;{}&#8221;][et_pb_column type=&#8221;1_4&#8243; _builder_version=&#8221;4.27.4&#8243; _module_preset=&#8221;default&#8221; global_colors_info=&#8221;{}&#8221;][et_pb_image src=&#8221;https:\/\/tazacorte.es\/web\/wp-content\/uploads\/2025\/11\/david-ruiz-copelp_3684-fotor-202510078328.webp&#8221; title_text=&#8221;david-ruiz-copelp_3684-fotor-202510078328&#8243; align=&#8221;right&#8221; _builder_version=&#8221;4.27.4&#8243; _module_preset=&#8221;default&#8221; width=&#8221;100%&#8221; global_colors_info=&#8221;{}&#8221;][\/et_pb_image][\/et_pb_column][et_pb_column type=&#8221;3_4&#8243; _builder_version=&#8221;4.27.4&#8243; _module_preset=&#8221;default&#8221; global_colors_info=&#8221;{}&#8221;][et_pb_text _builder_version=&#8221;4.27.4&#8243; _module_preset=&#8221;default&#8221; text_font=&#8221;Arial||||||||&#8221; text_text_color=&#8221;#1f1914&#8243; text_font_size=&#8221;18px&#8221; global_colors_info=&#8221;{}&#8221;]<\/p>\n<p style=\"text-align: justify;\">Es para m\u00ed un honor darles la bienvenida al Municipio de la Villa y Puerto de Tazacorte.<\/p>\n<p style=\"text-align: justify;\">Un municipio con una estrecha vinculaci\u00f3n con el mar, siendo el lugar pesquero por excelencia de la isla de La Palma. Pero tambi\u00e9n un municipio agr\u00edcola, principalmente platanero que se ha visto afectado de manera muy significativa por la erupci\u00f3n volc\u00e1nica de Cumbre Vieja, unos efectos de los que tardaremos en recuperarnos, pero sin duda, gracias a la capacidad de resilencia y superaci\u00f3n de l@s Baga\u00f1et@s podremos salir adelante.<\/p>\n<p style=\"text-align: justify;\">Somos un balc\u00f3n al oce\u00e1no desde el que mirar con optimismo al futuro, poniendo en valor nuestro potencial tur\u00edstico, cultural, deportivo y gastron\u00f3mico, por que en nombre propio y de mi corporaci\u00f3n queremos invitar a nuestros vecinos y visitantes a disfrutar\u00a0 de cada uno de los magn\u00edficos rincones de nuestro pueblo.<\/p>\n<p style=\"text-align: justify;\">Perm\u00edtanme enviarles un afectuoso saludo y un enorme deseo de prosperidad.<\/p>\n<p>[\/et_pb_text][et_pb_heading title=&#8221;David Ruiz \u00c1lvarez&#8221; _builder_version=&#8221;4.27.4&#8243; _module_preset=&#8221;default&#8221; title_font=&#8221;Garet Heavy||||||||&#8221; title_text_align=&#8221;left&#8221; title_text_color=&#8221;#1f1914&#8243; title_font_size=&#8221;28px&#8221; title_font_size_tablet=&#8221;28px&#8221; title_font_size_phone=&#8221;20px&#8221; title_font_size_last_edited=&#8221;on|phone&#8221; global_colors_info=&#8221;{}&#8221;][\/et_pb_heading][et_pb_text _builder_version=&#8221;4.27.4&#8243; _module_preset=&#8221;default&#8221; text_font=&#8221;Arial||||||||&#8221; text_text_color=&#8221;#1f1914&#8243; text_font_size=&#8221;18px&#8221; custom_margin=&#8221;-3%||||false|false&#8221; custom_margin_tablet=&#8221;-3%||||false|false&#8221; custom_margin_phone=&#8221;-7%||||false|false&#8221; custom_margin_last_edited=&#8221;on|desktop&#8221; global_colors_info=&#8221;{}&#8221;]<\/p>\n<p style=\"text-align: justify;\">Alcalde de la Villa y Puerto de Tazacorte<\/p>\n<p>[\/et_pb_text][\/et_pb_column][\/et_pb_row][\/et_pb_section]<\/p>\n","protected":false},"excerpt":{"rendered":"<p>Es para m\u00ed un honor darles la bienvenida al Municipio de la Villa y Puerto de Tazacorte. Un municipio con una estrecha vinculaci\u00f3n con el mar, siendo el lugar pesquero por excelencia de la isla de La Palma. Pero tambi\u00e9n un municipio agr\u00edcola, principalmente platanero que se ha visto afectado de manera muy significativa por [&hellip;]<\/p>\n","protected":false},"author":1,"featured_media":0,"parent":0,"menu_order":0,"comment_status":"closed","ping_status":"closed","template":"","meta":{"_et_pb_use_builder":"on","_et_pb_old_content":"","_et_gb_content_width":"","footnotes":""},"class_list":["post-78","page","type-page","status-publish","hentry"],"yoast_head":"<!-- This site is optimized with the Yoast SEO plugin v27.1.1 - https:\/\/yoast.com\/product\/yoast-seo-wordpress\/ -->\n<title>Presentaci\u00f3n del alcalde - AYUNTAMIENTO DE TAZACORTE<\/title>\n<meta name=\"robots\" content=\"index, follow, max-snippet:-1, max-image-preview:large, max-video-preview:-1\" \/>\n<link rel=\"canonical\" href=\"https:\/\/tazacorte.es\/web\/presentacion-del-alcalde\" \/>\n<meta property=\"og:locale\" content=\"es_ES\" \/>\n<meta property=\"og:type\" content=\"article\" \/>\n<meta property=\"og:title\" content=\"Presentaci\u00f3n del alcalde - AYUNTAMIENTO DE TAZACORTE\" \/>\n<meta property=\"og:description\" content=\"Es para m\u00ed un honor darles la bienvenida al Municipio de la Villa y Puerto de Tazacorte. Un municipio con una estrecha vinculaci\u00f3n con el mar, siendo el lugar pesquero por excelencia de la isla de La Palma. Pero tambi\u00e9n un municipio agr\u00edcola, principalmente platanero que se ha visto afectado de manera muy significativa por [&hellip;]\" \/>\n<meta property=\"og:url\" content=\"https:\/\/tazacorte.es\/web\/presentacion-del-alcalde\" \/>\n<meta property=\"og:site_name\" content=\"AYUNTAMIENTO DE TAZACORTE\" \/>\n<meta property=\"article:modified_time\" content=\"2026-02-20T14:14:04+00:00\" \/>\n<meta name=\"twitter:card\" content=\"summary_large_image\" \/>\n<meta name=\"twitter:label1\" content=\"Est. reading time\" \/>\n\t<meta name=\"twitter:data1\" content=\"3 minutos\" \/>\n<script type=\"application\/ld+json\" class=\"yoast-schema-graph\">{\"@context\":\"https:\/\/schema.org\",\"@graph\":[{\"@type\":\"WebPage\",\"@id\":\"https:\/\/tazacorte.es\/web\/presentacion-del-alcalde\",\"url\":\"https:\/\/tazacorte.es\/web\/presentacion-del-alcalde\",\"name\":\"Presentaci\u00f3n del alcalde - AYUNTAMIENTO DE TAZACORTE\",\"isPartOf\":{\"@id\":\"https:\/\/tazacorte.es\/web\/#website\"},\"datePublished\":\"2025-11-05T14:18:18+00:00\",\"dateModified\":\"2026-02-20T14:14:04+00:00\",\"breadcrumb\":{\"@id\":\"https:\/\/tazacorte.es\/web\/presentacion-del-alcalde#breadcrumb\"},\"inLanguage\":\"es\",\"potentialAction\":[{\"@type\":\"ReadAction\",\"target\":[\"https:\/\/tazacorte.es\/web\/presentacion-del-alcalde\"]}]},{\"@type\":\"BreadcrumbList\",\"@id\":\"https:\/\/tazacorte.es\/web\/presentacion-del-alcalde#breadcrumb\",\"itemListElement\":[{\"@type\":\"ListItem\",\"position\":1,\"name\":\"Home\",\"item\":\"https:\/\/tazacorte.es\/web\/\"},{\"@type\":\"ListItem\",\"position\":2,\"name\":\"Presentaci\u00f3n del alcalde\"}]},{\"@type\":\"WebSite\",\"@id\":\"https:\/\/tazacorte.es\/web\/#website\",\"url\":\"https:\/\/tazacorte.es\/web\/\",\"name\":\"AYUNTAMIENTO DE TAZACORTE\",\"description\":\"\",\"potentialAction\":[{\"@type\":\"SearchAction\",\"target\":{\"@type\":\"EntryPoint\",\"urlTemplate\":\"https:\/\/tazacorte.es\/web\/?s={search_term_string}\"},\"query-input\":{\"@type\":\"PropertyValueSpecification\",\"valueRequired\":true,\"valueName\":\"search_term_string\"}}],\"inLanguage\":\"es\"}]}<\/script>\n<!-- \/ Yoast SEO plugin. -->","yoast_head_json":{"title":"Presentaci\u00f3n del alcalde - AYUNTAMIENTO DE TAZACORTE","robots":{"index":"index","follow":"follow","max-snippet":"max-snippet:-1","max-image-preview":"max-image-preview:large","max-video-preview":"max-video-preview:-1"},"canonical":"https:\/\/tazacorte.es\/web\/presentacion-del-alcalde","og_locale":"es_ES","og_type":"article","og_title":"Presentaci\u00f3n del alcalde - AYUNTAMIENTO DE TAZACORTE","og_description":"Es para m\u00ed un honor darles la bienvenida al Municipio de la Villa y Puerto de Tazacorte. Un municipio con una estrecha vinculaci\u00f3n con el mar, siendo el lugar pesquero por excelencia de la isla de La Palma. Pero tambi\u00e9n un municipio agr\u00edcola, principalmente platanero que se ha visto afectado de manera muy significativa por [&hellip;]","og_url":"https:\/\/tazacorte.es\/web\/presentacion-del-alcalde","og_site_name":"AYUNTAMIENTO DE TAZACORTE","article_modified_time":"2026-02-20T14:14:04+00:00","twitter_card":"summary_large_image","twitter_misc":{"Est. reading time":"3 minutos"},"schema":{"@context":"https:\/\/schema.org","@graph":[{"@type":"WebPage","@id":"https:\/\/tazacorte.es\/web\/presentacion-del-alcalde","url":"https:\/\/tazacorte.es\/web\/presentacion-del-alcalde","name":"Presentaci\u00f3n del alcalde - AYUNTAMIENTO DE TAZACORTE","isPartOf":{"@id":"https:\/\/tazacorte.es\/web\/#website"},"datePublished":"2025-11-05T14:18:18+00:00","dateModified":"2026-02-20T14:14:04+00:00","breadcrumb":{"@id":"https:\/\/tazacorte.es\/web\/presentacion-del-alcalde#breadcrumb"},"inLanguage":"es","potentialAction":[{"@type":"ReadAction","target":["https:\/\/tazacorte.es\/web\/presentacion-del-alcalde"]}]},{"@type":"BreadcrumbList","@id":"https:\/\/tazacorte.es\/web\/presentacion-del-alcalde#breadcrumb","itemListElement":[{"@type":"ListItem","position":1,"name":"Home","item":"https:\/\/tazacorte.es\/web\/"},{"@type":"ListItem","position":2,"name":"Presentaci\u00f3n del alcalde"}]},{"@type":"WebSite","@id":"https:\/\/tazacorte.es\/web\/#website","url":"https:\/\/tazacorte.es\/web\/","name":"AYUNTAMIENTO DE TAZACORTE","description":"","potentialAction":[{"@type":"SearchAction","target":{"@type":"EntryPoint","urlTemplate":"https:\/\/tazacorte.es\/web\/?s={search_term_string}"},"query-input":{"@type":"PropertyValueSpecification","valueRequired":true,"valueName":"search_term_string"}}],"inLanguage":"es"}]}},"_links":{"self":[{"href":"https:\/\/tazacorte.es\/web\/wp-json\/wp\/v2\/pages\/78","targetHints":{"allow":["GET"]}}],"collection":[{"href":"https:\/\/tazacorte.es\/web\/wp-json\/wp\/v2\/pages"}],"about":[{"href":"https:\/\/tazacorte.es\/web\/wp-json\/wp\/v2\/types\/page"}],"author":[{"embeddable":true,"href":"https:\/\/tazacorte.es\/web\/wp-json\/wp\/v2\/users\/1"}],"replies":[{"embeddable":true,"href":"https:\/\/tazacorte.es\/web\/wp-json\/wp\/v2\/comments?post=78"}],"version-history":[{"count":7,"href":"https:\/\/tazacorte.es\/web\/wp-json\/wp\/v2\/pages\/78\/revisions"}],"predecessor-version":[{"id":785,"href":"https:\/\/tazacorte.es\/web\/wp-json\/wp\/v2\/pages\/78\/revisions\/785"}],"wp:attachment":[{"href":"https:\/\/tazacorte.es\/web\/wp-json\/wp\/v2\/media?parent=78"}],"curies":[{"name":"wp","href":"https:\/\/api.w.org\/{rel}","templated":true}]}}

Presentación del alcalde

<p>[et_pb_section fb_built=&#8221;1&#8243; _builder_version=&#8221;4.27.5&#8243; _module_preset=&#8221;default&#8221; custom_margin=&#8221;8%||||false|false&#8221; custom_margin_tablet=&#8221;27%||||false|false&#8221; custom_margin_phone=&#8221;35%||||false|false&#8221; custom_margin_last_edited=&#8221;on|phone&#8221; global_colors_info=&#8221;{}&#8221;][et_pb_row _builder_version=&#8221;4.27.4&#8243; _module_preset=&#8221;default&#8221; max_width=&#8221;1504px&#8221; custom_margin=&#8221;0%||||false|false&#8221; custom_margin_tablet=&#8221;-6%||||false|false&#8221; custom_margin_phone=&#8221;-10%||||false|false&#8221; custom_margin_last_edited=&#8221;on|phone&#8221; global_colors_info=&#8221;{}&#8221;][et_pb_column type=&#8221;4_4&#8243; _builder_version=&#8221;4.27.4&#8243; _module_preset=&#8221;default&#8221; global_colors_info=&#8221;{}&#8221;][et_pb_heading title=&#8221;Presentación del Alcalde&#8221; _builder_version=&#8221;4.27.5&#8243; _module_preset=&#8221;default&#8221; title_font=&#8221;Garet Heavy||||||||&#8221; title_text_align=&#8221;left&#8221; title_text_color=&#8221;#1f1914&#8243; title_font_size=&#8221;40px&#8221; title_font_size_tablet=&#8221;48px&#8221; title_font_size_phone=&#8221;25px&#8221; title_font_size_last_edited=&#8221;on|tablet&#8221; global_colors_info=&#8221;{}&#8221;][/et_pb_heading][et_pb_divider color=&#8221;#293417&#8243; divider_weight=&#8221;3px&#8221; _builder_version=&#8221;4.27.5&#8243; _module_preset=&#8221;default&#8221; custom_margin=&#8221;-2%||||false|false&#8221; custom_margin_tablet=&#8221;-2%||||false|false&#8221; custom_margin_phone=&#8221;-6%||||false|false&#8221; custom_margin_last_edited=&#8221;on|phone&#8221; hover_enabled=&#8221;0&#8243; global_colors_info=&#8221;{}&#8221; sticky_enabled=&#8221;0&#8243;][/et_pb_divider][/et_pb_column][/et_pb_row][et_pb_row column_structure=&#8221;1_4,3_4&#8243; _builder_version=&#8221;4.27.4&#8243; _module_preset=&#8221;default&#8221; max_width=&#8221;1504px&#8221; custom_margin_tablet=&#8221;-5%||||false|false&#8221; custom_margin_phone=&#8221;-6%||||false|false&#8221; custom_margin_last_edited=&#8221;on|phone&#8221; global_colors_info=&#8221;{}&#8221;][et_pb_column type=&#8221;1_4&#8243; _builder_version=&#8221;4.27.4&#8243; _module_preset=&#8221;default&#8221; global_colors_info=&#8221;{}&#8221;][et_pb_image src=&#8221;https://tazacorte.es/web/wp-content/uploads/2025/11/david-ruiz-copelp_3684-fotor-202510078328.webp&#8221; title_text=&#8221;david-ruiz-copelp_3684-fotor-202510078328&#8243; align=&#8221;right&#8221; _builder_version=&#8221;4.27.4&#8243; _module_preset=&#8221;default&#8221; width=&#8221;100%&#8221; global_colors_info=&#8221;{}&#8221;][/et_pb_image][/et_pb_column][et_pb_column type=&#8221;3_4&#8243; _builder_version=&#8221;4.27.4&#8243; _module_preset=&#8221;default&#8221; global_colors_info=&#8221;{}&#8221;][et_pb_text _builder_version=&#8221;4.27.4&#8243; _module_preset=&#8221;default&#8221; text_font=&#8221;Arial||||||||&#8221; text_text_color=&#8221;#1f1914&#8243; text_font_size=&#8221;18px&#8221; global_colors_info=&#8221;{}&#8221;]</p>
<p style="text-align: justify;">Es para mí un honor darles la bienvenida al Municipio de la Villa y Puerto de Tazacorte.</p>
<p style="text-align: justify;">Un municipio con una estrecha vinculación con el mar, siendo el lugar pesquero por excelencia de la isla de La Palma. Pero también un municipio agrícola, principalmente platanero que se ha visto afectado de manera muy significativa por la erupción volcánica de Cumbre Vieja, unos efectos de los que tardaremos en recuperarnos, pero sin duda, gracias a la capacidad de resilencia y superación de l@s Bagañet@s podremos salir adelante.</p>
<p style="text-align: justify;">Somos un balcón al oceáno desde el que mirar con optimismo al futuro, poniendo en valor nuestro potencial turístico, cultural, deportivo y gastronómico, por que en nombre propio y de mi corporación queremos invitar a nuestros vecinos y visitantes a disfrutar  de cada uno de los magníficos rincones de nuestro pueblo.</p>
<p style="text-align: justify;">Permítanme enviarles un afectuoso saludo y un enorme deseo de prosperidad.</p>
<p>[/et_pb_text][et_pb_heading title=&#8221;David Ruiz Álvarez&#8221; _builder_version=&#8221;4.27.4&#8243; _module_preset=&#8221;default&#8221; title_font=&#8221;Garet Heavy||||||||&#8221; title_text_align=&#8221;left&#8221; title_text_color=&#8221;#1f1914&#8243; title_font_size=&#8221;28px&#8221; title_font_size_tablet=&#8221;28px&#8221; title_font_size_phone=&#8221;20px&#8221; title_font_size_last_edited=&#8221;on|phone&#8221; global_colors_info=&#8221;{}&#8221;][/et_pb_heading][et_pb_text _builder_version=&#8221;4.27.4&#8243; _module_preset=&#8221;default&#8221; text_font=&#8221;Arial||||||||&#8221; text_text_color=&#8221;#1f1914&#8243; text_font_size=&#8221;18px&#8221; custom_margin=&#8221;-3%||||false|false&#8221; custom_margin_tablet=&#8221;-3%||||false|false&#8221; custom_margin_phone=&#8221;-7%||||false|false&#8221; custom_margin_last_edited=&#8221;on|desktop&#8221; global_colors_info=&#8221;{}&#8221;]</p>
<p style="text-align: justify;">Alcalde de la Villa y Puerto de Tazacorte</p>
<p>[/et_pb_text][/et_pb_column][/et_pb_row][/et_pb_section]</p>

<p>Es para mí un honor darles la bienvenida al Municipio de la Villa y Puerto de Tazacorte. Un municipio con una estrecha vinculación con el mar, siendo el lugar pesquero por excelencia de la isla de La Palma. Pero también un municipio agrícola, principalmente platanero que se ha visto afectado de manera muy significativa por [&hellip;]</p>

<!-- This site is optimized with the Yoast SEO plugin v27.1.1 - https://yoast.com/product/yoast-seo-wordpress/ -->
<title>Presentación del alcalde - AYUNTAMIENTO DE TAZACORTE</title>
<meta name="robots" content="index, follow, max-snippet:-1, max-image-preview:large, max-video-preview:-1" />
<link rel="canonical" href="https://tazacorte.es/web/presentacion-del-alcalde" />
<meta property="og:locale" content="es_ES" />
<meta property="og:type" content="article" />
<meta property="og:title" content="Presentación del alcalde - AYUNTAMIENTO DE TAZACORTE" />
<meta property="og:description" content="Es para mí un honor darles la bienvenida al Municipio de la Villa y Puerto de Tazacorte. Un municipio con una estrecha vinculación con el mar, siendo el lugar pesquero por excelencia de la isla de La Palma. Pero también un municipio agrícola, principalmente platanero que se ha visto afectado de manera muy significativa por [&hellip;]" />
<meta property="og:url" content="https://tazacorte.es/web/presentacion-del-alcalde" />
<meta property="og:site_name" content="AYUNTAMIENTO DE TAZACORTE" />
<meta property="article:modified_time" content="2026-02-20T14:14:04+00:00" />
<meta name="twitter:card" content="summary_large_image" />
<meta name="twitter:label1" content="Est. reading time" />
	<meta name="twitter:data1" content="3 minutos" />
<script type="application/ld+json" class="yoast-schema-graph">{"@context":"https://schema.org","@graph":[{"@type":"WebPage","@id":"https://tazacorte.es/web/presentacion-del-alcalde","url":"https://tazacorte.es/web/presentacion-del-alcalde","name":"Presentación del alcalde - AYUNTAMIENTO DE TAZACORTE","isPartOf":{"@id":"https://tazacorte.es/web/#website"},"datePublished":"2025-11-05T14:18:18+00:00","dateModified":"2026-02-20T14:14:04+00:00","breadcrumb":{"@id":"https://tazacorte.es/web/presentacion-del-alcalde#breadcrumb"},"inLanguage":"es","potentialAction":[{"@type":"ReadAction","target":["https://tazacorte.es/web/presentacion-del-alcalde"]}]},{"@type":"BreadcrumbList","@id":"https://tazacorte.es/web/presentacion-del-alcalde#breadcrumb","itemListElement":[{"@type":"ListItem","position":1,"name":"Home","item":"https://tazacorte.es/web/"},{"@type":"ListItem","position":2,"name":"Presentación del alcalde"}]},{"@type":"WebSite","@id":"https://tazacorte.es/web/#website","url":"https://tazacorte.es/web/","name":"AYUNTAMIENTO DE TAZACORTE","description":"","potentialAction":[{"@type":"SearchAction","target":{"@type":"EntryPoint","urlTemplate":"https://tazacorte.es/web/?s={search_term_string}"},"query-input":{"@type":"PropertyValueSpecification","valueRequired":true,"valueName":"search_term_string"}}],"inLanguage":"es"}]}</script>
<!-- / Yoast SEO plugin. -->

Presentación del alcalde - AYUNTAMIENTO DE TAZACORTE

Es para mí un honor darles la bienvenida al Municipio de la Villa y Puerto de Tazacorte. Un municipio con una estrecha vinculación con el mar, siendo el lugar pesquero por excelencia de la isla de La Palma. Pero también un municipio agrícola, principalmente platanero que se ha visto afectado de manera muy significativa por [&hellip;]
