{"id":82,"date":"2025-11-05T14:20:06","date_gmt":"2025-11-05T14:20:06","guid":{"rendered":"http:\/\/tazacorte.es\/web\/?page_id=82"},"modified":"2026-02-20T14:33:49","modified_gmt":"2026-02-20T14:33:49","slug":"promocion-economica-y-de-empleo","status":"publish","type":"page","link":"https:\/\/tazacorte.es\/web\/promocion-economica-y-de-empleo","title":{"rendered":"Promoci\u00f3n econ\u00f3mica y de empleo"},"content":{"rendered":"<p>[et_pb_section fb_built=&#8221;1&#8243; _builder_version=&#8221;4.27.5&#8243; _module_preset=&#8221;default&#8221; custom_margin=&#8221;7%||||false|false&#8221; custom_margin_tablet=&#8221;28%||||false|false&#8221; custom_margin_phone=&#8221;40%||||false|false&#8221; custom_margin_last_edited=&#8221;on|phone&#8221; hover_enabled=&#8221;0&#8243; global_colors_info=&#8221;{}&#8221; sticky_enabled=&#8221;0&#8243;][et_pb_row _builder_version=&#8221;4.27.4&#8243; _module_preset=&#8221;default&#8221; custom_margin=&#8221;0%||||false|false&#8221; custom_margin_tablet=&#8221;-6%||||false|false&#8221; custom_margin_phone=&#8221;-10%||||false|false&#8221; custom_margin_last_edited=&#8221;on|phone&#8221; global_colors_info=&#8221;{}&#8221;][et_pb_column type=&#8221;4_4&#8243; _builder_version=&#8221;4.27.4&#8243; _module_preset=&#8221;default&#8221; global_colors_info=&#8221;{}&#8221;][et_pb_heading title=&#8221;Promoci\u00f3n econ\u00f3mica y de empleo&#8221; _builder_version=&#8221;4.27.4&#8243; _module_preset=&#8221;default&#8221; title_font=&#8221;Garet Heavy||||||||&#8221; title_text_align=&#8221;left&#8221; title_text_color=&#8221;#1f1914&#8243; title_font_size=&#8221;40px&#8221; title_font_size_tablet=&#8221;48px&#8221; title_font_size_phone=&#8221;22px&#8221; title_font_size_last_edited=&#8221;on|phone&#8221; global_colors_info=&#8221;{}&#8221;][\/et_pb_heading][et_pb_divider color=&#8221;#293417&#8243; divider_weight=&#8221;3px&#8221; _builder_version=&#8221;4.27.4&#8243; _module_preset=&#8221;default&#8221; custom_margin=&#8221;-2%||||false|false&#8221; custom_margin_tablet=&#8221;-2%||||false|false&#8221; custom_margin_phone=&#8221;-6%||||false|false&#8221; custom_margin_last_edited=&#8221;on|phone&#8221; global_colors_info=&#8221;{}&#8221;][\/et_pb_divider][\/et_pb_column][\/et_pb_row][et_pb_row column_structure=&#8221;1_3,2_3&#8243; _builder_version=&#8221;4.27.4&#8243; _module_preset=&#8221;default&#8221; custom_margin_tablet=&#8221;-5%||||false|false&#8221; custom_margin_phone=&#8221;-6%||||false|false&#8221; custom_margin_last_edited=&#8221;on|phone&#8221; global_colors_info=&#8221;{}&#8221;][et_pb_column type=&#8221;1_3&#8243; _builder_version=&#8221;4.27.4&#8243; _module_preset=&#8221;default&#8221; global_colors_info=&#8221;{}&#8221;][et_pb_image src=&#8221;https:\/\/tazacorte.es\/web\/wp-content\/uploads\/2025\/11\/Captura-de-pantalla-2025-10-27-083807-fotor-2025102783911.webp&#8221; _builder_version=&#8221;4.27.4&#8243; _module_preset=&#8221;default&#8221; global_colors_info=&#8221;{}&#8221;][\/et_pb_image][\/et_pb_column][et_pb_column type=&#8221;2_3&#8243; _builder_version=&#8221;4.27.4&#8243; _module_preset=&#8221;default&#8221; global_colors_info=&#8221;{}&#8221;][et_pb_text _builder_version=&#8221;4.27.4&#8243; _module_preset=&#8221;default&#8221; text_font=&#8221;Arial||||||||&#8221; text_text_color=&#8221;#1f1914&#8243; text_font_size=&#8221;18px&#8221; global_colors_info=&#8221;{}&#8221;]<\/p>\n<p style=\"text-align: justify;\">Le damos la bienvenida a la secci\u00f3n Web de Desarrollo Local.<\/p>\n<p style=\"text-align: justify;\">La Agencia de Empleo y desarrollo Local es un servicio p\u00fablico para promover el desarrollo econ\u00f3mico y social municipal, potenciando los recursos locales, fomentando la inserci\u00f3n laboral y las iniciativas empresariales.<\/p>\n<p style=\"text-align: justify;\">Entre sus principales objetivos se encuentran:<\/p>\n<ul>\n<li style=\"text-align: justify;\">Proporcionar informaci\u00f3n y asesoramiento a empresas y emprendedores locales.<\/li>\n<li style=\"text-align: justify;\">Informar y gestionar ayudas y subvenciones.<\/li>\n<li style=\"text-align: justify;\">Orientar e informar sobre temas de empleo y formaci\u00f3n en general (organizaci\u00f3n de cursos, jornadas y seminarios).<\/li>\n<li style=\"text-align: justify;\">As\u00ed como gestionar la Agencia de colocaci\u00f3n municipal.<\/li>\n<\/ul>\n<p>[\/et_pb_text][\/et_pb_column][\/et_pb_row][et_pb_row _builder_version=&#8221;4.27.4&#8243; _module_preset=&#8221;default&#8221; custom_margin=&#8221;-1%||||false|false&#8221; custom_margin_tablet=&#8221;-5%||||false|false&#8221; custom_margin_phone=&#8221;-8%||||false|false&#8221; custom_margin_last_edited=&#8221;on|phone&#8221; global_colors_info=&#8221;{}&#8221;][et_pb_column type=&#8221;4_4&#8243; _builder_version=&#8221;4.27.4&#8243; _module_preset=&#8221;default&#8221; global_colors_info=&#8221;{}&#8221;][et_pb_heading title=&#8221;Manuel Gonz\u00e1lez G\u00f3mez&#8221; _builder_version=&#8221;4.27.4&#8243; _module_preset=&#8221;default&#8221; title_font=&#8221;Garet Heavy||||||||&#8221; title_text_align=&#8221;left&#8221; title_text_color=&#8221;#1f1914&#8243; title_font_size=&#8221;28px&#8221; title_font_size_tablet=&#8221;28px&#8221; title_font_size_phone=&#8221;24px&#8221; title_font_size_last_edited=&#8221;on|phone&#8221; global_colors_info=&#8221;{}&#8221;][\/et_pb_heading][et_pb_text _builder_version=&#8221;4.27.4&#8243; _module_preset=&#8221;default&#8221; text_font=&#8221;Arial||||||||&#8221; text_text_color=&#8221;#1f1914&#8243; text_font_size=&#8221;18px&#8221; custom_margin=&#8221;-3%||||false|false&#8221; custom_margin_tablet=&#8221;-3%||||false|false&#8221; custom_margin_phone=&#8221;-7%||||false|false&#8221; custom_margin_last_edited=&#8221;on|desktop&#8221; global_colors_info=&#8221;{}&#8221;]<\/p>\n<p style=\"text-align: justify;\"><span>Segundo Teniente de Alcalde. \u00c1reas de Administraciones P\u00fablicas, Patrimonio, Participaci\u00f3n Ciudadana, Desarrollo Local y Empleo, Erupci\u00f3n Volc\u00e1nica y Reconstrucci\u00f3n, Agricultura y Pesca, Seguridad Ciudadana, Nuevas Tecnolog\u00edas y Tr\u00e1fico.<\/span><\/p>\n<p>[\/et_pb_text][\/et_pb_column][\/et_pb_row][\/et_pb_section]<\/p>\n","protected":false},"excerpt":{"rendered":"<p>Le damos la bienvenida a la secci\u00f3n Web de Desarrollo Local. La Agencia de Empleo y desarrollo Local es un servicio p\u00fablico para promover el desarrollo econ\u00f3mico y social municipal, potenciando los recursos locales, fomentando la inserci\u00f3n laboral y las iniciativas empresariales. Entre sus principales objetivos se encuentran: Proporcionar informaci\u00f3n y asesoramiento a empresas y [&hellip;]<\/p>\n","protected":false},"author":1,"featured_media":0,"parent":0,"menu_order":0,"comment_status":"closed","ping_status":"closed","template":"","meta":{"_et_pb_use_builder":"on","_et_pb_old_content":"","_et_gb_content_width":"","footnotes":""},"class_list":["post-82","page","type-page","status-publish","hentry"],"yoast_head":"<!-- This site is optimized with the Yoast SEO plugin v27.1.1 - https:\/\/yoast.com\/product\/yoast-seo-wordpress\/ -->\n<title>Promoci\u00f3n econ\u00f3mica y de empleo - AYUNTAMIENTO DE TAZACORTE<\/title>\n<meta name=\"robots\" content=\"index, follow, max-snippet:-1, max-image-preview:large, max-video-preview:-1\" \/>\n<link rel=\"canonical\" href=\"https:\/\/tazacorte.es\/web\/promocion-economica-y-de-empleo\" \/>\n<meta property=\"og:locale\" content=\"es_ES\" \/>\n<meta property=\"og:type\" content=\"article\" \/>\n<meta property=\"og:title\" content=\"Promoci\u00f3n econ\u00f3mica y de empleo - AYUNTAMIENTO DE TAZACORTE\" \/>\n<meta property=\"og:description\" content=\"Le damos la bienvenida a la secci\u00f3n Web de Desarrollo Local. La Agencia de Empleo y desarrollo Local es un servicio p\u00fablico para promover el desarrollo econ\u00f3mico y social municipal, potenciando los recursos locales, fomentando la inserci\u00f3n laboral y las iniciativas empresariales. Entre sus principales objetivos se encuentran: Proporcionar informaci\u00f3n y asesoramiento a empresas y [&hellip;]\" \/>\n<meta property=\"og:url\" content=\"https:\/\/tazacorte.es\/web\/promocion-economica-y-de-empleo\" \/>\n<meta property=\"og:site_name\" content=\"AYUNTAMIENTO DE TAZACORTE\" \/>\n<meta property=\"article:modified_time\" content=\"2026-02-20T14:33:49+00:00\" \/>\n<meta name=\"twitter:card\" content=\"summary_large_image\" \/>\n<meta name=\"twitter:label1\" content=\"Est. reading time\" \/>\n\t<meta name=\"twitter:data1\" content=\"3 minutos\" \/>\n<script type=\"application\/ld+json\" class=\"yoast-schema-graph\">{\"@context\":\"https:\/\/schema.org\",\"@graph\":[{\"@type\":\"WebPage\",\"@id\":\"https:\/\/tazacorte.es\/web\/promocion-economica-y-de-empleo\",\"url\":\"https:\/\/tazacorte.es\/web\/promocion-economica-y-de-empleo\",\"name\":\"Promoci\u00f3n econ\u00f3mica y de empleo - AYUNTAMIENTO DE TAZACORTE\",\"isPartOf\":{\"@id\":\"https:\/\/tazacorte.es\/web\/#website\"},\"datePublished\":\"2025-11-05T14:20:06+00:00\",\"dateModified\":\"2026-02-20T14:33:49+00:00\",\"breadcrumb\":{\"@id\":\"https:\/\/tazacorte.es\/web\/promocion-economica-y-de-empleo#breadcrumb\"},\"inLanguage\":\"es\",\"potentialAction\":[{\"@type\":\"ReadAction\",\"target\":[\"https:\/\/tazacorte.es\/web\/promocion-economica-y-de-empleo\"]}]},{\"@type\":\"BreadcrumbList\",\"@id\":\"https:\/\/tazacorte.es\/web\/promocion-economica-y-de-empleo#breadcrumb\",\"itemListElement\":[{\"@type\":\"ListItem\",\"position\":1,\"name\":\"Home\",\"item\":\"https:\/\/tazacorte.es\/web\/\"},{\"@type\":\"ListItem\",\"position\":2,\"name\":\"Promoci\u00f3n econ\u00f3mica y de empleo\"}]},{\"@type\":\"WebSite\",\"@id\":\"https:\/\/tazacorte.es\/web\/#website\",\"url\":\"https:\/\/tazacorte.es\/web\/\",\"name\":\"AYUNTAMIENTO DE TAZACORTE\",\"description\":\"\",\"potentialAction\":[{\"@type\":\"SearchAction\",\"target\":{\"@type\":\"EntryPoint\",\"urlTemplate\":\"https:\/\/tazacorte.es\/web\/?s={search_term_string}\"},\"query-input\":{\"@type\":\"PropertyValueSpecification\",\"valueRequired\":true,\"valueName\":\"search_term_string\"}}],\"inLanguage\":\"es\"}]}<\/script>\n<!-- \/ Yoast SEO plugin. -->","yoast_head_json":{"title":"Promoci\u00f3n econ\u00f3mica y de empleo - AYUNTAMIENTO DE TAZACORTE","robots":{"index":"index","follow":"follow","max-snippet":"max-snippet:-1","max-image-preview":"max-image-preview:large","max-video-preview":"max-video-preview:-1"},"canonical":"https:\/\/tazacorte.es\/web\/promocion-economica-y-de-empleo","og_locale":"es_ES","og_type":"article","og_title":"Promoci\u00f3n econ\u00f3mica y de empleo - AYUNTAMIENTO DE TAZACORTE","og_description":"Le damos la bienvenida a la secci\u00f3n Web de Desarrollo Local. La Agencia de Empleo y desarrollo Local es un servicio p\u00fablico para promover el desarrollo econ\u00f3mico y social municipal, potenciando los recursos locales, fomentando la inserci\u00f3n laboral y las iniciativas empresariales. Entre sus principales objetivos se encuentran: Proporcionar informaci\u00f3n y asesoramiento a empresas y [&hellip;]","og_url":"https:\/\/tazacorte.es\/web\/promocion-economica-y-de-empleo","og_site_name":"AYUNTAMIENTO DE TAZACORTE","article_modified_time":"2026-02-20T14:33:49+00:00","twitter_card":"summary_large_image","twitter_misc":{"Est. reading time":"3 minutos"},"schema":{"@context":"https:\/\/schema.org","@graph":[{"@type":"WebPage","@id":"https:\/\/tazacorte.es\/web\/promocion-economica-y-de-empleo","url":"https:\/\/tazacorte.es\/web\/promocion-economica-y-de-empleo","name":"Promoci\u00f3n econ\u00f3mica y de empleo - AYUNTAMIENTO DE TAZACORTE","isPartOf":{"@id":"https:\/\/tazacorte.es\/web\/#website"},"datePublished":"2025-11-05T14:20:06+00:00","dateModified":"2026-02-20T14:33:49+00:00","breadcrumb":{"@id":"https:\/\/tazacorte.es\/web\/promocion-economica-y-de-empleo#breadcrumb"},"inLanguage":"es","potentialAction":[{"@type":"ReadAction","target":["https:\/\/tazacorte.es\/web\/promocion-economica-y-de-empleo"]}]},{"@type":"BreadcrumbList","@id":"https:\/\/tazacorte.es\/web\/promocion-economica-y-de-empleo#breadcrumb","itemListElement":[{"@type":"ListItem","position":1,"name":"Home","item":"https:\/\/tazacorte.es\/web\/"},{"@type":"ListItem","position":2,"name":"Promoci\u00f3n econ\u00f3mica y de empleo"}]},{"@type":"WebSite","@id":"https:\/\/tazacorte.es\/web\/#website","url":"https:\/\/tazacorte.es\/web\/","name":"AYUNTAMIENTO DE TAZACORTE","description":"","potentialAction":[{"@type":"SearchAction","target":{"@type":"EntryPoint","urlTemplate":"https:\/\/tazacorte.es\/web\/?s={search_term_string}"},"query-input":{"@type":"PropertyValueSpecification","valueRequired":true,"valueName":"search_term_string"}}],"inLanguage":"es"}]}},"_links":{"self":[{"href":"https:\/\/tazacorte.es\/web\/wp-json\/wp\/v2\/pages\/82","targetHints":{"allow":["GET"]}}],"collection":[{"href":"https:\/\/tazacorte.es\/web\/wp-json\/wp\/v2\/pages"}],"about":[{"href":"https:\/\/tazacorte.es\/web\/wp-json\/wp\/v2\/types\/page"}],"author":[{"embeddable":true,"href":"https:\/\/tazacorte.es\/web\/wp-json\/wp\/v2\/users\/1"}],"replies":[{"embeddable":true,"href":"https:\/\/tazacorte.es\/web\/wp-json\/wp\/v2\/comments?post=82"}],"version-history":[{"count":6,"href":"https:\/\/tazacorte.es\/web\/wp-json\/wp\/v2\/pages\/82\/revisions"}],"predecessor-version":[{"id":808,"href":"https:\/\/tazacorte.es\/web\/wp-json\/wp\/v2\/pages\/82\/revisions\/808"}],"wp:attachment":[{"href":"https:\/\/tazacorte.es\/web\/wp-json\/wp\/v2\/media?parent=82"}],"curies":[{"name":"wp","href":"https:\/\/api.w.org\/{rel}","templated":true}]}}

Promoción económica y de empleo

<p>[et_pb_section fb_built=&#8221;1&#8243; _builder_version=&#8221;4.27.5&#8243; _module_preset=&#8221;default&#8221; custom_margin=&#8221;7%||||false|false&#8221; custom_margin_tablet=&#8221;28%||||false|false&#8221; custom_margin_phone=&#8221;40%||||false|false&#8221; custom_margin_last_edited=&#8221;on|phone&#8221; hover_enabled=&#8221;0&#8243; global_colors_info=&#8221;{}&#8221; sticky_enabled=&#8221;0&#8243;][et_pb_row _builder_version=&#8221;4.27.4&#8243; _module_preset=&#8221;default&#8221; custom_margin=&#8221;0%||||false|false&#8221; custom_margin_tablet=&#8221;-6%||||false|false&#8221; custom_margin_phone=&#8221;-10%||||false|false&#8221; custom_margin_last_edited=&#8221;on|phone&#8221; global_colors_info=&#8221;{}&#8221;][et_pb_column type=&#8221;4_4&#8243; _builder_version=&#8221;4.27.4&#8243; _module_preset=&#8221;default&#8221; global_colors_info=&#8221;{}&#8221;][et_pb_heading title=&#8221;Promoción económica y de empleo&#8221; _builder_version=&#8221;4.27.4&#8243; _module_preset=&#8221;default&#8221; title_font=&#8221;Garet Heavy||||||||&#8221; title_text_align=&#8221;left&#8221; title_text_color=&#8221;#1f1914&#8243; title_font_size=&#8221;40px&#8221; title_font_size_tablet=&#8221;48px&#8221; title_font_size_phone=&#8221;22px&#8221; title_font_size_last_edited=&#8221;on|phone&#8221; global_colors_info=&#8221;{}&#8221;][/et_pb_heading][et_pb_divider color=&#8221;#293417&#8243; divider_weight=&#8221;3px&#8221; _builder_version=&#8221;4.27.4&#8243; _module_preset=&#8221;default&#8221; custom_margin=&#8221;-2%||||false|false&#8221; custom_margin_tablet=&#8221;-2%||||false|false&#8221; custom_margin_phone=&#8221;-6%||||false|false&#8221; custom_margin_last_edited=&#8221;on|phone&#8221; global_colors_info=&#8221;{}&#8221;][/et_pb_divider][/et_pb_column][/et_pb_row][et_pb_row column_structure=&#8221;1_3,2_3&#8243; _builder_version=&#8221;4.27.4&#8243; _module_preset=&#8221;default&#8221; custom_margin_tablet=&#8221;-5%||||false|false&#8221; custom_margin_phone=&#8221;-6%||||false|false&#8221; custom_margin_last_edited=&#8221;on|phone&#8221; global_colors_info=&#8221;{}&#8221;][et_pb_column type=&#8221;1_3&#8243; _builder_version=&#8221;4.27.4&#8243; _module_preset=&#8221;default&#8221; global_colors_info=&#8221;{}&#8221;][et_pb_image src=&#8221;https://tazacorte.es/web/wp-content/uploads/2025/11/Captura-de-pantalla-2025-10-27-083807-fotor-2025102783911.webp&#8221; _builder_version=&#8221;4.27.4&#8243; _module_preset=&#8221;default&#8221; global_colors_info=&#8221;{}&#8221;][/et_pb_image][/et_pb_column][et_pb_column type=&#8221;2_3&#8243; _builder_version=&#8221;4.27.4&#8243; _module_preset=&#8221;default&#8221; global_colors_info=&#8221;{}&#8221;][et_pb_text _builder_version=&#8221;4.27.4&#8243; _module_preset=&#8221;default&#8221; text_font=&#8221;Arial||||||||&#8221; text_text_color=&#8221;#1f1914&#8243; text_font_size=&#8221;18px&#8221; global_colors_info=&#8221;{}&#8221;]</p>
<p style="text-align: justify;">Le damos la bienvenida a la sección Web de Desarrollo Local.</p>
<p style="text-align: justify;">La Agencia de Empleo y desarrollo Local es un servicio público para promover el desarrollo económico y social municipal, potenciando los recursos locales, fomentando la inserción laboral y las iniciativas empresariales.</p>
<p style="text-align: justify;">Entre sus principales objetivos se encuentran:</p>
<ul>
<li style="text-align: justify;">Proporcionar información y asesoramiento a empresas y emprendedores locales.</li>
<li style="text-align: justify;">Informar y gestionar ayudas y subvenciones.</li>
<li style="text-align: justify;">Orientar e informar sobre temas de empleo y formación en general (organización de cursos, jornadas y seminarios).</li>
<li style="text-align: justify;">Así como gestionar la Agencia de colocación municipal.</li>
</ul>
<p>[/et_pb_text][/et_pb_column][/et_pb_row][et_pb_row _builder_version=&#8221;4.27.4&#8243; _module_preset=&#8221;default&#8221; custom_margin=&#8221;-1%||||false|false&#8221; custom_margin_tablet=&#8221;-5%||||false|false&#8221; custom_margin_phone=&#8221;-8%||||false|false&#8221; custom_margin_last_edited=&#8221;on|phone&#8221; global_colors_info=&#8221;{}&#8221;][et_pb_column type=&#8221;4_4&#8243; _builder_version=&#8221;4.27.4&#8243; _module_preset=&#8221;default&#8221; global_colors_info=&#8221;{}&#8221;][et_pb_heading title=&#8221;Manuel González Gómez&#8221; _builder_version=&#8221;4.27.4&#8243; _module_preset=&#8221;default&#8221; title_font=&#8221;Garet Heavy||||||||&#8221; title_text_align=&#8221;left&#8221; title_text_color=&#8221;#1f1914&#8243; title_font_size=&#8221;28px&#8221; title_font_size_tablet=&#8221;28px&#8221; title_font_size_phone=&#8221;24px&#8221; title_font_size_last_edited=&#8221;on|phone&#8221; global_colors_info=&#8221;{}&#8221;][/et_pb_heading][et_pb_text _builder_version=&#8221;4.27.4&#8243; _module_preset=&#8221;default&#8221; text_font=&#8221;Arial||||||||&#8221; text_text_color=&#8221;#1f1914&#8243; text_font_size=&#8221;18px&#8221; custom_margin=&#8221;-3%||||false|false&#8221; custom_margin_tablet=&#8221;-3%||||false|false&#8221; custom_margin_phone=&#8221;-7%||||false|false&#8221; custom_margin_last_edited=&#8221;on|desktop&#8221; global_colors_info=&#8221;{}&#8221;]</p>
<p style="text-align: justify;"><span>Segundo Teniente de Alcalde. Áreas de Administraciones Públicas, Patrimonio, Participación Ciudadana, Desarrollo Local y Empleo, Erupción Volcánica y Reconstrucción, Agricultura y Pesca, Seguridad Ciudadana, Nuevas Tecnologías y Tráfico.</span></p>
<p>[/et_pb_text][/et_pb_column][/et_pb_row][/et_pb_section]</p>

<p>Le damos la bienvenida a la sección Web de Desarrollo Local. La Agencia de Empleo y desarrollo Local es un servicio público para promover el desarrollo económico y social municipal, potenciando los recursos locales, fomentando la inserción laboral y las iniciativas empresariales. Entre sus principales objetivos se encuentran: Proporcionar información y asesoramiento a empresas y [&hellip;]</p>

<!-- This site is optimized with the Yoast SEO plugin v27.1.1 - https://yoast.com/product/yoast-seo-wordpress/ -->
<title>Promoción económica y de empleo - AYUNTAMIENTO DE TAZACORTE</title>
<meta name="robots" content="index, follow, max-snippet:-1, max-image-preview:large, max-video-preview:-1" />
<link rel="canonical" href="https://tazacorte.es/web/promocion-economica-y-de-empleo" />
<meta property="og:locale" content="es_ES" />
<meta property="og:type" content="article" />
<meta property="og:title" content="Promoción económica y de empleo - AYUNTAMIENTO DE TAZACORTE" />
<meta property="og:description" content="Le damos la bienvenida a la sección Web de Desarrollo Local. La Agencia de Empleo y desarrollo Local es un servicio público para promover el desarrollo económico y social municipal, potenciando los recursos locales, fomentando la inserción laboral y las iniciativas empresariales. Entre sus principales objetivos se encuentran: Proporcionar información y asesoramiento a empresas y [&hellip;]" />
<meta property="og:url" content="https://tazacorte.es/web/promocion-economica-y-de-empleo" />
<meta property="og:site_name" content="AYUNTAMIENTO DE TAZACORTE" />
<meta property="article:modified_time" content="2026-02-20T14:33:49+00:00" />
<meta name="twitter:card" content="summary_large_image" />
<meta name="twitter:label1" content="Est. reading time" />
	<meta name="twitter:data1" content="3 minutos" />
<script type="application/ld+json" class="yoast-schema-graph">{"@context":"https://schema.org","@graph":[{"@type":"WebPage","@id":"https://tazacorte.es/web/promocion-economica-y-de-empleo","url":"https://tazacorte.es/web/promocion-economica-y-de-empleo","name":"Promoción económica y de empleo - AYUNTAMIENTO DE TAZACORTE","isPartOf":{"@id":"https://tazacorte.es/web/#website"},"datePublished":"2025-11-05T14:20:06+00:00","dateModified":"2026-02-20T14:33:49+00:00","breadcrumb":{"@id":"https://tazacorte.es/web/promocion-economica-y-de-empleo#breadcrumb"},"inLanguage":"es","potentialAction":[{"@type":"ReadAction","target":["https://tazacorte.es/web/promocion-economica-y-de-empleo"]}]},{"@type":"BreadcrumbList","@id":"https://tazacorte.es/web/promocion-economica-y-de-empleo#breadcrumb","itemListElement":[{"@type":"ListItem","position":1,"name":"Home","item":"https://tazacorte.es/web/"},{"@type":"ListItem","position":2,"name":"Promoción económica y de empleo"}]},{"@type":"WebSite","@id":"https://tazacorte.es/web/#website","url":"https://tazacorte.es/web/","name":"AYUNTAMIENTO DE TAZACORTE","description":"","potentialAction":[{"@type":"SearchAction","target":{"@type":"EntryPoint","urlTemplate":"https://tazacorte.es/web/?s={search_term_string}"},"query-input":{"@type":"PropertyValueSpecification","valueRequired":true,"valueName":"search_term_string"}}],"inLanguage":"es"}]}</script>
<!-- / Yoast SEO plugin. -->

Promoción económica y de empleo - AYUNTAMIENTO DE TAZACORTE

Le damos la bienvenida a la sección Web de Desarrollo Local. La Agencia de Empleo y desarrollo Local es un servicio público para promover el desarrollo económico y social municipal, potenciando los recursos locales, fomentando la inserción laboral y las iniciativas empresariales. Entre sus principales objetivos se encuentran: Proporcionar información y asesoramiento a empresas y [&hellip;]
